ts digit of (2 + (o - 0))*5?
5
Suppose -3*i = -4*i + 3*y + 113, -118 = -i + 4*y. What is the tens digit of i?
9
Let t(j) = 2*j + 3. Let f be t(3). Let c(s) = 2*s - 4. What is the units digit of c(f)?
4
Let r(s) = -2*s**2 + 48*s + 34. What is the tens digit of r(21)?
6
Let z = 8 - 14. Let t(j) = j + 8. What is the units digit of t(z)?
2
Suppose -20*g + 905 = -15*g. What is the tens digit of g?
8
Let r = -6 - 4. Let m = 3 - r. What is the tens digit of m?
1
Suppose 3*z + 15 = -2*z. Suppose 0 = -p + 2 - 7. Let o = z - p. What is the units digit of o?
2
Suppose -2*f = -7*f - 2*c + 294, -69 = -f + 3*c. What is the units digit of f?
0
Let v = 20 + -12. Let j = -4 + v. What is the units digit of j?
4
Let p = 5 - 8. Let r = p - -38. What is the units digit of r?
5
Let f be -4 - -3*6/(-9). What is the units digit of -3 + (3 - 3) - f?
3
Let t(s) = s**3 + s**2 + s + 15. Let j be t(0). Let a be (-2)/(-4)*(j + -3). Suppose 3*y = -5*b + 18, -a*y + 5*b + 24 = -2*y. What is the units digit of y?
6
Let p(b) = -b. Let h be p(-5). Suppose 2*w - 96 = -4*t, -w + 52 = h*t - 2*t. Suppose 4*o = 5*d - d - w, -2*d = 3*o. What is the units digit of d?
6
Suppose -5*q + 667 = 67. Let h be 1/4 - q/(-32). What is the units digit of 10 - (-1 - (1 - h))?
8
Let u = -53 - -269. What is the units digit of u?
6
Let r be (-1)/(1*(-3)/177). Suppose r = 2*s - 5*x, 5*s = s + 2*x + 78. What is the tens digit of s?
1
Let b = -7 - 0. Let t(l) = -l**2. Let g(w) = 3*w**2 + 8*w + 1. Let y(c) = -g(c) - 2*t(c). What is the units digit of y(b)?
6
Let a be (-5 - -4)/((-1)/4). Suppose -3*m + 52 = a*x, 5*m - 54 = 2*m - 3*x. What is the units digit of m?
0
Suppose -y + 8 = z - 6, 4*z + 5*y - 51 = 0. What is the tens digit of z?
1
Let u(t) = 3*t**2 + t. Let w be u(-1). Suppose 2*j - 3 = 4*m - 1, 0 = -w*j + 2*m + 4. What is the units digit of j?
3
What is the tens digit of (-8 - -2)*-1*(-8)/(-4)?
1
Suppose -3*g + 4*n = 6, 4*n = 11 + 1. Let h be 0 + (g + -2 - 1). What is the units digit of 6/(1 - h - 1)?
6
Let m = -9 - -11. Suppose 4*h - 6*h + 26 = -4*z, -2*h + m*z + 16 = 0. What is the units digit of h?
3
Suppose -4*d - 35 = m, 3*d + 122 = -3*m + 8*d. Let x = m - -55. What is the units digit of x?
6
Suppose -i = -1 - 2. Suppose -34 = -4*o - 2*z, o - 6*z = -i*z + 5. What is the units digit of o?
8
Suppose w - 6*b - 30 = -b, -4*w = 3*b - 5. Let d = -2 + w. Suppose 11 = -d*n + 4*n. What is the units digit of n?
1
Suppose f + 5 = -1. What is the units digit of ((-7)/21)/(2/f)?
1
Let c = 11 - 7. Suppose 14 - c = -5*a. Let y(f) = -2*f**3 - 2*f**2 - 2*f - 1. What is the tens digit of y(a)?
1
Suppose -3*g + 616 = 8*g. What is the tens digit of g?
5
Let s be 3/((-1)/4*-4). What is the units digit of 1 + -3 + 99/s?
1
Let o(n) = 4*n**2 - 2*n + 1. Suppose 5*r - v = -9, -5*r + 0*r - 11 = v. What is the tens digit of o(r)?
2
Suppose -3*s + 32 = 4*l, -6*s - 3*l = -s - 35. Let g = -108 - -179. Suppose -g = -s*n - 7. What is the units digit of n?
6
Let m = -1 + 31. What is the units digit of m?
0
Let n be (12/10)/(2/5). Suppose n*o + 50 = 5*m + 4*o, -4*m - 4*o + 56 = 0. What is the units digit of m?
9
Let i = 0 - -12. What is the units digit of i?
2
Let s = 22 - -9. What is the tens digit of s?
3
Suppose -12*w - 80 = -16*w. What is the tens digit of w?
2
Let d(s) = s**2 - 7*s + 6. Let c be d(7). What is the units digit of 51/c - 1/2?
8
Let u(i) = 8*i**2 + i - 16 + 16. What is the units digit of u(1)?
9
Let y = 114 - 63. Suppose 0 = -5*d - g + 23, 4*d - 5*g = 4 - 3. Suppose -16 = 3*z - k - y, k = -d*z + 42. What is the tens digit of z?
1
Let c = -55 - -80. Let v = c + -9. What is the tens digit of v?
1
Suppose -6*p = -5*p + 3. Let m be (-15 + 9)/(p/10). Suppose 3*s + 3*v = 12, 4*v - m = -4*s + 2*v. What is the units digit of s?
6
Let f be (-3)/6*2 - -2. Let m(j) = 6*j - 1. What is the units digit of m(f)?
5
Let k(m) = m**3 - 5*m**2 + 6*m - 4. Let i be 0/(-2 - 1) - -3. Suppose 5*a = i*a + 8. What is the units digit of k(a)?
4
What is the hundreds digit of 4/(-22) + 31*108/22?
1
Suppose 0 = 2*j + 3 - 11. Suppose -4*a - j*r = 16, 5*a = r + r + 15. What is the units digit of a?
1
Let c be 2/(-1)*8/2. Let b(r) = r**2 + 10*r + 12. Let n be b(c). Let x(g) = g**3 + 5*g**2 + 2*g - 1. What is the units digit of x(n)?
7
Suppose d = 2*s - 82, -6*s + 170 = -2*s - 5*d. What is the units digit of s?
0
What is the units digit of -10*(-2)/5 + 35?
9
Suppose 19*a = 13*a + 1272. What is the hundreds digit of a?
2
Suppose 2*k = -3*k. Suppose k*v = 3*v - 54. What is the units digit of v?
8
Let l = 43 + -20. What is the units digit of l?
3
Suppose 0 = -3*o - 2*p - 10, -o = -4*p + 8. Let v be -12*2/o + 0. Let n = v - 2. What is the units digit of n?
4
Suppose -4*k - 18 = -k. Let s be (-129)/k - (-2)/4. Let i = -4 + s. What is the units digit of i?
8
Let o(t) = -11*t - 23. What is the hundreds digit of o(-16)?
1
Let l(i) = 2*i**2 - 4*i + 2. Let b be l(5). Suppose b = -0*c - 4*c. Let o(x) = x**2 + 8*x + 9. What is the units digit of o(c)?
9
Let j = 42 + 38. What is the tens digit of j?
8
Suppose 11*n = 6*n + 30. What is the units digit of (124/n)/(8/12)?
1
Let t = -28 - -7. Let p = 46 + t. What is the units digit of p?
5
Let p be 37*1 + (-7)/7. Suppose -17*n + p = -14*n. What is the tens digit of n?
1
Let s = -9 - -6. Suppose 2*c + 3*c = 15. Let f = c - s. What is the units digit of f?
6
Let k = -90 + 131. Let c = -27 + k. What is the tens digit of c?
1
Let c(m) = -2*m - 5. Let k(x) = -7*x - 14. Let n(b) = 17*c(b) - 6*k(b). What is the units digit of n(1)?
7
Let q = 174 - 110. What is the tens digit of q?
6
Suppose l - 5*l = -g + 175, -2*l = -10. What is the tens digit of g?
9
Suppose -5*j - 49 = -4*h - 2*j, -j = -5*h + 53. Suppose -h = 3*d - 5*d. What is the units digit of d?
5
Let t(i) = 5*i - 12. Let g be (-4)/(1/(-2 - 0)). What is the units digit of t(g)?
8
Let t(r) = -r**3 + 8*r**2 + r - 9. What is the units digit of t(5)?
1
Suppose k - 15 = -3*x + 2*x, 5*x - 75 = k. Let i = x + -2. What is the tens digit of i?
1
Let m be (-13)/(-39) + 92/3. What is the tens digit of m*1/(2/2)?
3
Let h(n) be the first derivative of 4*n**3/3 + n**2/2 - n - 2. Let f be h(1). Suppose 4*b + 9 = 5*u, f*u - 12 = 2*b - 0*u. What is the units digit of b?
4
Suppose 4*p - 3 - 13 = 0. Suppose 3*y + 2*a - 12 = 15, 0 = -y + a + p. What is the units digit of y?
7
Let j be -9*(-4 - -6) - 2. What is the units digit of 4/6 + j/(-6)?
4
Let k = -25 - -52. What is the tens digit of k?
2
Suppose -2*q + 166 = z - q, 5 = 5*q. What is the tens digit of z?
6
Let c(a) = a + 2. Let x be c(-1). What is the units digit of x*4/(12/21)?
7
Suppose 0 = 2*m - 6. Let p be (1/3)/(1/m). Suppose -d + 13 - p = 0. What is the tens digit of d?
1
Let s = 328 - 175. What is the tens digit of s?
5
Suppose -4*q = 3*v - 10, 5*q - 4*v + 0*v = -3. Let t = 18 + q. What is the units digit of t?
9
Suppose 3*r - 6 = 0, -10*u + 8*u = 3*r - 186. What is the units digit of u?
0
Let j(x) = -x + 5. Suppose -4*u = 4*i - 40, 5*i = 5 - 0. Let f be j(u). What is the tens digit of (-15)/10 + (-74)/f?
1
Let y(q) = -2 - q - 4 + 4 + 3. What is the units digit of y(-2)?
3
Let n be (7 + -1)/3 - 2. Let q(w) = -11*w - 1. Let g be q(-1). Suppose 0*j - j + 3*y + g = 0, n = -3*j + y + 14. What is the units digit of j?
4
Let d be 4/(1 + -1 - -2). Suppose -3*j = -4*p + 3, 4*p + j = d*j + 1. Suppose -3*x + 8 + 1 = p. What is the units digit of x?
3
Let p(t) = -t. Let b(v) = -v. Let w(a) = -b(a) + 2*p(a). What is the units digit of w(-2)?
2
Let q(o) = 2*o**2 - 3. What is the units digit of q(9)?
9
Let n be -12 + 3/1 - -3. What is the units digit of 3/n + (-13)/(-2)?
6
Let a(l) = l**3 - 5*l**2 - 5*l - 4. Let o be a(6). Let x = -5 + o. Let u = x - -5. What is the units digit of u?
2
Let y be (6*-1 - 0) + 0. Let u(x) = -4*x - 9. Let p be u(y). Suppose -g = -2*g + p. What is the units digit of g?
5
Let u = -72 + 168. What is the tens digit of u?
9
Let x be ((-3)/12)/((-1)/4). Let d(a) = x + a - a + a. What is the units digit of d(1)?
2
What is the units digit of (-4)/6 + 3/(36/572)?
7
Suppose 10*g = 12*g - 86. What is the units digit of g?
3
What is the tens digit of (54/(-4))/((-5)/10)?
2
Let q(z) = -6*z**3 + z**2 - 2*z. Let b be q(-2). What is the units digit of 16/b + (-38)/(-14)?
3
Suppose -3*p + 22 + 14 = 0. Let b be 2/8 